 - 8 + h + 10. Let t be b(3). Suppose 50 = 2*r + t*r. List the prime factors of r.
2, 5
Let f(i) = 19*i**3 - 9*i**2 - 12*i - 2. List the prime factors of f(5).
2, 3, 29
Suppose 0 = -4*t - 2391 - 3849. What are the prime factors of (-2)/3 - t/18?
2, 43
Let m(p) = p**3 + 2*p**2 - p + 2220. List the prime factors of m(0).
2, 3, 5, 37
Let g = -31 - -36. Suppose -3*c - u = -566, 4*u = -2*c + g*c - 556. List the prime factors of c.
2, 47
Let o = 174 - 319. Let x = 83 + o. What are the prime factors of x/(-1) - (-2 - -4)?
2, 3, 5
Suppose -4*l = -10*o + 11*o - 783, -l - 798 = -o. What are the prime factors of o?
3, 5, 53
What are the prime factors of ((-518)/(-3))/(260/30 - 8)?
7, 37
Let i(p) = -84*p - 19. List the prime factors of i(-2).
149
Let u = -29 - -9. Let k = u + 24. Suppose -33 = -k*i + w + 86, 2*i - 64 = -4*w. What are the prime factors of i?
2, 3, 5
Let w be (1480/(-15))/((-6)/9). Suppose 3*g + w = 5*g. Suppose -15*k = -13*k - g. List the prime factors of k.
37
Let y = -492 - -177. Let w = y + 517. What are the prime factors of w?
2, 101
Suppose 2*b + 6 = 0, -b + 3443 = 5*l + 51. List the prime factors of l.
7, 97
Let b(t) = 8*t**3 + 6*t**2 - 15*t + 4. List the prime factors of b(4).
2, 3, 23
Let o = -31 + 34. What are the prime factors of 2200/30 + o/(-9)?
73
Let x(f) = 2*f**2 + 20*f + 19. Let j be x(-15). Suppose j = 2*u - 21. List the prime factors of u.
5, 19
Suppose 9*a - 362 - 601 = 0. What are the prime factors of a?
107
Let v(m) = 9*m**2 - 10*m + 4. What are the prime factors of v(2)?
2, 5
Let o be 233/(-11) + (-18)/(-99). Let k = o - -25. Suppose -3*p + 229 = k*b, -2*p + 223 = 4*b - p. List the prime factors of b.
5, 11
Let f = -16 - 2. Let z be (-6)/27 + (-4)/f. Suppose -4*k + 3*k + 17 = z. What are the prime factors of k?
17
Suppose -2*c = 4*k + 114, 3*k + 1 = 2*k + 5*c. Let n be (2 - k)*15/(-12). Let d = -11 - n. List the prime factors of d.
2, 3
Suppose -48*o + 50*o - 188 = 0. Let s = 135 - o. What are the prime factors of s?
41
Let x(n) = n - 5. Let l be x(5). Suppose 4 = -4*y - 4*p, -2*y - 5*p + l*p - 14 = 0. Let t = y + 21. What are the prime factors of t?
2, 3
Suppose 17*t = 14*t + 216. What are the prime factors of t?
2, 3
Let u(j) = j**3 - 15*j**2 + 16*j - 3. Let n be u(14). Suppose 24*w + 155 = n*w. List the prime factors of w.
5, 31
Let a = 5180 + -3009. What are the prime factors of a?
13, 167
Let n = 2715 - 1814. List the prime factors of n.
17, 53
Suppose -3*l + 2*m + 227 = 0, -28*l + 5*m + 93 = -27*l. List the prime factors of l.
73
Suppose 0 = 4*y - 53 - 19. Suppose -3 = 5*d - y. Suppose s + 1 = d*n, 7*n + 8 = 5*s + 5*n. What are the prime factors of s?
2
Let c(u) = 9 + 16*u - 1 - 113*u**2 + 112*u**2 + 0. List the prime factors of c(15).
23
Let u(o) = 32*o - 28. Let m be u(-12). Let y = -224 - m. What are the prime factors of y?
2, 47
Let k = 934 - -839. Suppose -11*c + k = -1659. List the prime factors of c.
2, 3, 13
Let s be (-2666)/14 + (-6)/(-14). List the prime factors of (s/6)/(-1)*(43 - 40).
5, 19
List the prime factors of (-21*(-3)/(-3))/(17/(-1955)).
3, 5, 7, 23
Suppose -4 = 4*t + 4*i, 0*i = -2*i. Let u = -1 + t. List the prime factors of 637/9 - u/9.
71
Let x(t) = -t**3 - t**2 + t + 62. Let o be 1*(0/4 + 0). Let d be x(o). Suppose -3*v + 43 = p - 6*p, 0 = -2*v - 5*p + d. What are the prime factors of v?
3, 7
Let c(t) = -t**3 - t**2 - t + 14. Suppose -4 = -4*x, -d - x = 2*x. Let y be 1 - 0/d - 1. What are the prime factors of c(y)?
2, 7
Let i be (-3 - 1)*(-2)/2. Suppose 0 = -4*d + 2*b + i, -3*d = -b - 3*b + 2. Suppose 5*s + 55 = 5*r, -3*r + 4*s = -d*r + 4. What are the prime factors of r?
2
Suppose -15*g = -12*g. Suppose -5*s + 3*i + 72 = 0, -2*s - 2*i - i + 33 = g. List the prime factors of s.
3, 5
Suppose -2*l = -5*y + 13, -3*y - 3*l - 4 = -16. Suppose y*n = n. What are the prime factors of ((3 - -20) + n)/1?
23
Let u be 1/2*(-3 - -23). Suppose 4*l + 28 = -4*h, 0 = h + h + u. What are the prime factors of (-4)/2 - (l + -7)?
7
Suppose 4*d = 3*z + 54, 5*d + 5*z - 50 = -0*z. Suppose 7*i = 6*i + 15. Let l = i - d. What are the prime factors of l?
3
Let w(m) = m**3 + 6*m**2 - m + 10. Suppose 6*a = a - 35. Let d be w(a). Let g = -19 - d. What are the prime factors of g?
13
Let d(x) be the first derivative of 3*x**2/2 + 29*x - 23. List the prime factors of d(-7).
2
Let y = -55 + 39. Let h = 40 + y. List the prime factors of h.
2, 3
Let h = 25 + -25. Suppose h = 7*i + 6*i - 611. List the prime factors of i.
47
Let j be (-32)/(-48)*(-1 + (-7)/2). What are the prime factors of 2*(150/20)/(j/(-19))?
5, 19
Let g be 4/8*(9 - 3). Suppose -4*o = -g*o. Suppose -v + o = -17. List the prime factors of v.
17
Let w = 11 - 74. Let o = -8 - -114. Let s = w + o. What are the prime factors of s?
43
Let x = -126 + 233. List the prime factors of x.
107
Let x(t) = 5*t + 1. Let m = 29 - 9. Let k be m/12 - (-1)/3. List the prime factors of x(k).
11
Let w be 261/(-5)*(-3 - 2). Suppose -12*k + 51 = -w. List the prime factors of k.
2, 13
Let f(m) = -3*m - 4 + 22 + 0*m. What are the prime factors of f(-8)?
2, 3, 7
Let q = -1105 + 3374. List the prime factors of q.
2269
Let i be (3 + 68/12)*6/4. Suppose -i*w + 16*w = 243. List the prime factors of w.
3
Let w = -1379 + 1483. What are the prime factors of w?
2, 13
Let y = 1067 - 740. What are the prime factors of y?
3, 109
Let q be 2 + (-6)/(-2) + -3. Suppose q*o - 12 = -o - 4*m, -5*m - 15 = 0. What are the prime factors of o?
2
Suppose 2*c + n - 2*n = 725, 0 = 2*c + 5*n - 695. Suppose 6*k - 11*k = -c. What are the prime factors of k?
2, 3
Let n(r) = -13*r**2 + 4*r - 6. Let y be n(9). Let b be y/(-77) + (-4)/14. Suppose 0 = 2*w + 2*k - 26, 7 = 4*k - b. List the prime factors of w.
2
Let p = -23 + 27. Suppose p - 1 = k. List the prime factors of 31/k + (-24)/18.
3
Let w = -5 - -23. Let k(l) = -8*l**2 + l - 1. Let s be k(1). Let p = w + s. List the prime factors of p.
2, 5
Suppose 5*v + i = -38, -3*v + 3 = i + 25. List the prime factors of (v - 55)*(1 - 2).
3, 7
Suppose 0 = -68*y + 81*y - 32812. What are the prime factors of y?
2, 631
List the prime factors of (-14)/21 - ((-209920)/(-12))/(-8).
2, 1093
Let x = 26 + -74. Let w = 117 + x. What are the prime factors of w?
3, 23
Let v(i) = 12*i**2 - 6*i + 55. List the prime factors of v(6).
11, 41
Let x be (-1)/2*(325 + 1). What are the prime factors of (x - 2)*5/(-15)?
5, 11
Let b(l) = l**3 - l**2 - 8*l + 11. Let h be b(-5). Let z = -57 - h. List the prime factors of z.
2, 3, 7
Let y(r) = r + 7. Let z(d) = -d - 8. Let s(g) = 4*y(g) + 3*z(g). Suppose 0*l = -2*l + 8. What are the prime factors of s(l)?
2
Let l be 0/(4/8*2). Let v(x) be the third derivative of x**6/120 - x**5/60 + 8*x**3/3 - x**2. What are the prime factors of v(l)?
2
Let q = 2 - -18. Suppose 0 = 4*z - 0*z - q. Suppose -41 + 16 = -z*y. List the prime factors of y.
5
Suppose 4*m - b + 183 = 2155, 3*b - 493 = -m. List the prime factors of m.
17, 29
Suppose -18*n + 12 = -15*n. Suppose -h + 5*w + 22 = 0, 11*h + n*w - 110 = 6*h. What are the prime factors of h?
2, 11
Let r(t) = t**2 - 9*t + 12. Let q be r(9). Suppose 2*j = -j - q. Let i(v) = v**3 + 5*v**2 + 2*v - 1. List the prime factors of i(j).
7
Let c = 30 + -14. Suppose -c = 4*v + 5*j, j + j = v + 4. Let u = 10 + v. List the prime factors of u.
2, 3
Let d(n) be the third derivative of -3*n**6/40 + n**4/24 + 3*n**2 - 8. Let g(m) = -m**3 + 4*m**2 + 5*m - 1. Let w be g(5). List the prime factors of d(w).
2
Suppose 2*m - m = r - 6, 4*r - 17 = -3*m. Let c be (-1)/((-2)/(-32))*3503/(-452). Suppose -3*o = -r*o + c. List the prime factors of o.
2, 31
Let s be (-4)/18 - (-114)/27. Let q be s/(-3)*6/(-4). Suppose -q = -o + 6. List the prime factors of o.
2
Suppose 0 = -64*t + 80*t - 23280. What are the prime factors of t?
3, 5, 97
Let i = -18 + 36. Let x = i + -8. Suppose -3*z - x = -82. What are the prime factors of z?
2, 3
Let w(j) = -j**3 + 3*j - 3. Let i be w(2). Let s(y) = 3*y + 3*y + 4 + y**2 - 4*y + 0*y. List the prime factors of s(i).
19
Let b(i) = 153*i + 25. Let d be b(3). Suppose -4*l = -7*f + 4*f - d, 5*l - 5*f - 610 = 0. List the prime factors of l.
2, 59
Let w(h) = 3*h - 34. Let l be w(14). Suppose -l*n + 10*n - 458 = 0. What are the prime factors of n?
229
Let c(q) = 271*q - 156. What are the prime factors of c(6)?
2, 3